{"id":8048,"date":"2026-04-29T13:30:25","date_gmt":"2026-04-29T11:30:25","guid":{"rendered":"https:\/\/autospace.md\/?post_type=product&#038;p=8048"},"modified":"2026-04-29T13:41:16","modified_gmt":"2026-04-29T11:41:16","slug":"bmw-ix3-50-xdrive","status":"publish","type":"product","link":"https:\/\/autospace.md\/ru\/product\/bmw-ix3-50-xdrive\/","title":{"rendered":"BMW iX3 50 xDrive"},"content":{"rendered":"<ul>\n<li>Protec\u021bie acustic\u0103 pentru pietoni;<\/li>\n<li>Jante din aliaj u\u0219or de 20\u201d Star-spoke style 1045;<\/li>\n<li>Design interior Essential;<\/li>\n<li>Pachet extins pentru oglinzi exterioare;<\/li>\n<li>My Modes;<\/li>\n<li>Suspensie standard;<\/li>\n<li>BMW Dynamic Performance Control;<\/li>\n<li>Sisteme de asisten\u021b\u0103 pentru \u0219ofer;<\/li>\n<li>\u00cenc\u0103rcare bidirec\u021bional\u0103 cu EHC Professional;<\/li>\n<li>Compartiment de depozitare sub capot\u0103;<\/li>\n<li>\u00cenc\u0103rcare AC 11 kW;<\/li>\n<li>\u00cenc\u0103rcare DC;<\/li>\n<li>Reglaj electric al scaunelor cu memorie;<\/li>\n<li>Volan standard;<\/li>\n<li>Climatizare automat\u0103 pe 2 zone;<\/li>\n<li>Hayon cu ac\u021bionare automat\u0103;<\/li>\n<li>sistem Comfort Access;<\/li>\n<li>BMW Panoramic iDrive;<\/li>\n<li>BMW Panoramic Vision.<\/li>\n<\/ul>","protected":false},"excerpt":{"rendered":"<ul>\n<li>\u041f\u0440\u043e\u0442\u0438\u0432\u043e\u0443\u0433\u043e\u043d\u043d\u044b\u0435 \u0437\u0430\u043c\u043a\u0438;<\/li>\n<li>\u0410\u0432\u0430\u0440\u0438\u0439\u043d\u043e\u0435 \u0437\u0430\u043f\u0430\u0441\u043d\u043e\u0435 \u043a\u043e\u043b\u0435\u0441\u043e;<\/li>\n<li>Jante aerodinamice BMW Individual de 22&#8243; 1053 I bicolore cu anvelope mixte;<\/li>\n<li>Design interior Contemporary | Digital White bicolor;<\/li>\n<li>Pachet exterior BMW Iconic Glow;<\/li>\n<li>Pachet extins pentru oglinzi exterioare;<\/li>\n<li>\u041e\u043a\u0440\u0443\u0436\u0430\u044e\u0449\u0435\u0435 \u043e\u0441\u0432\u0435\u0449\u0435\u043d\u0438\u0435;<\/li>\n<li>Fr\u00e2ne M Sport ro\u0219ii;<\/li>\n<li>\u041f\u043e\u043c\u043e\u0449\u043d\u0438\u043a \u043f\u043e \u0432\u043e\u0436\u0434\u0435\u043d\u0438\u044e;<\/li>\n<li>\u0410\u0441\u0441\u0438\u0441\u0442\u0435\u043d\u0442 \u043f\u0430\u0440\u043a\u043e\u0432\u043a\u0438 Plus;<\/li>\n<li>\u00cenc\u0103rc\u0103tor multifunc\u021bional;<\/li>\n<li>\u00cenc\u0103rcare AC Professional;<\/li>\n<li>Adaptor E+F (CEE 7\/7) 10A;<\/li>\n<li>Scaune fa\u021b\u0103 reglabile electric cu memorie;<\/li>\n<li>Scaune fa\u021b\u0103 \u00eenc\u0103lzite pentru \u0219ofer \u0219i pasager;<\/li>\n<li>Scaune multifunc\u021bionale pentru \u0219ofer \u0219i pasagerul din fa\u021b\u0103;<\/li>\n<li>\u00cenc\u0103lzire volan;<\/li>\n<li>Volan BMW Individual;<\/li>\n<li>Trap\u0103 panoramic\u0103 din sticl\u0103 cu protec\u021bie termic\u0103;<\/li>\n<li>Geamuri spate fumurii;<\/li>\n<li>Climatizare automat\u0103;<\/li>\n<li>\u0410\u0432\u0430\u0440\u0438\u0439\u043d\u0430\u044f \u0441\u0438\u0441\u0442\u0435\u043c\u0430;<\/li>\n<li>Sistem Comfort Access;<\/li>\n<li>BMW 3D Head-Up Display;<\/li>\n<li>\u00cenc\u0103rcare wireless;<\/li>\n<li>BMW Panoramic Vision;<\/li>\n<li>Sistem audio HiFi Harman Kardon;<\/li>\n<li>Documenta\u021bie de bord \u00een limba rom\u00e2n\u0103.<\/li>\n<\/ul>","protected":false},"featured_media":8049,"comment_status":"open","ping_status":"closed","template":"","meta":{"_acf_changed":false},"product_cat":[19],"product_tag":[],"class_list":["post-8048","product","type-product","status-publish","has-post-thumbnail","hentry","product_cat-automobile-noi"],"acf":[],"_links":{"self":[{"href":"https:\/\/autospace.md\/ru\/wp-json\/wp\/v2\/product\/8048","targetHints":{"allow":["GET"]}}],"collection":[{"href":"https:\/\/autospace.md\/ru\/wp-json\/wp\/v2\/product"}],"about":[{"href":"https:\/\/autospace.md\/ru\/wp-json\/wp\/v2\/types\/product"}],"replies":[{"embeddable":true,"href":"https:\/\/autospace.md\/ru\/wp-json\/wp\/v2\/comments?post=8048"}],"version-history":[{"count":1,"href":"https:\/\/autospace.md\/ru\/wp-json\/wp\/v2\/product\/8048\/revisions"}],"predecessor-version":[{"id":8054,"href":"https:\/\/autospace.md\/ru\/wp-json\/wp\/v2\/product\/8048\/revisions\/8054"}],"wp:featuredmedia":[{"embeddable":true,"href":"https:\/\/autospace.md\/ru\/wp-json\/wp\/v2\/media\/8049"}],"wp:attachment":[{"href":"https:\/\/autospace.md\/ru\/wp-json\/wp\/v2\/media?parent=8048"}],"wp:term":[{"taxonomy":"product_cat","embeddable":true,"href":"https:\/\/autospace.md\/ru\/wp-json\/wp\/v2\/product_cat?post=8048"},{"taxonomy":"product_tag","embeddable":true,"href":"https:\/\/autospace.md\/ru\/wp-json\/wp\/v2\/product_tag?post=8048"}],"curies":[{"name":"wp","href":"https:\/\/api.w.org\/{rel}","templated":true}]}}

<ul>
<li>Protecție acustică pentru pietoni;</li>
<li>Jante din aliaj ușor de 20” Star-spoke style 1045;</li>
<li>Design interior Essential;</li>
<li>Pachet extins pentru oglinzi exterioare;</li>
<li>My Modes;</li>
<li>Suspensie standard;</li>
<li>BMW Dynamic Performance Control;</li>
<li>Sisteme de asistență pentru șofer;</li>
<li>Încărcare bidirecțională cu EHC Professional;</li>
<li>Compartiment de depozitare sub capotă;</li>
<li>Încărcare AC 11 kW;</li>
<li>Încărcare DC;</li>
<li>Reglaj electric al scaunelor cu memorie;</li>
<li>Volan standard;</li>
<li>Climatizare automată pe 2 zone;</li>
<li>Hayon cu acționare automată;</li>
<li>sistem Comfort Access;</li>
<li>BMW Panoramic iDrive;</li>
<li>BMW Panoramic Vision.</li>
</ul>

<ul>
<li>Противоугонные замки;</li>
<li>Аварийное запасное колесо;</li>
<li>Jante aerodinamice BMW Individual de 22&#8243; 1053 I bicolore cu anvelope mixte;</li>
<li>Design interior Contemporary | Digital White bicolor;</li>
<li>Pachet exterior BMW Iconic Glow;</li>
<li>Pachet extins pentru oglinzi exterioare;</li>
<li>Окружающее освещение;</li>
<li>Frâne M Sport roșii;</li>
<li>Помощник по вождению;</li>
<li>Ассистент парковки Plus;</li>
<li>Încărcător multifuncțional;</li>
<li>Încărcare AC Professional;</li>
<li>Adaptor E+F (CEE 7/7) 10A;</li>
<li>Scaune față reglabile electric cu memorie;</li>
<li>Scaune față încălzite pentru șofer și pasager;</li>
<li>Scaune multifuncționale pentru șofer și pasagerul din față;</li>
<li>Încălzire volan;</li>
<li>Volan BMW Individual;</li>
<li>Trapă panoramică din sticlă cu protecție termică;</li>
<li>Geamuri spate fumurii;</li>
<li>Climatizare automată;</li>
<li>Аварийная система;</li>
<li>Sistem Comfort Access;</li>
<li>BMW 3D Head-Up Display;</li>
<li>Încărcare wireless;</li>
<li>BMW Panoramic Vision;</li>
<li>Sistem audio HiFi Harman Kardon;</li>
<li>Documentație de bord în limba română.</li>
</ul>
